Calculate the remainder when 722 is divided by u(-1).
8
Let i = 26 - 13. What is the remainder when (58 - 8) + 99/(22 + -11) is divided by i?
7
Let y(o) = 14*o - 16. Suppose 72 = 3*v - 5*h, 114*h - 110*h - 32 = -4*v. Calculate the remainder when y(8) is divided by v.
12
Suppose p + 5*v - 33 = 0, -3*v = -5*p + v + 20. Suppose 27 = -p*b + 123. Calculate the remainder when 53 is divided by b.
5
Suppose -3*k + 3*u = 1596, 0 = 6*u - 3*u - 12. What is the remainder when 94 is divided by (k/(-66))/(8/6)?
4
Let v(l) = -l**3 + 7*l**2 + 2*l - 3. Let x(p) = -926*p + 43666. Calculate the remainder when x(47) is divided by v(6).
9
Let s be 1 - 19*(-1)/(-5 - -6). What is the remainder when 30/(-4)*(s/(-12) + 1) is divided by 2?
1
Let j(q) = q**3 - 4*q**2 - 14*q + 48. Let w = -72 - -78. Calculate the remainder when 131 is divided by j(w).
23
Suppose -4*l = -0*l + 14*l - 3420. Calculate the remainder when 587 is divided by l.
17
Let p = -18969 - -19136. Calculate the remainder when 624 is divided by p.
123
Let h = -1490 + 985. Let t = -405 - h. Calculate the remainder when t is divided by 33.
1
Let d(i) = i**2 + 14*i - 980. Calculate the remainder when d(-45) is divided by 52.
51
Let m(p) = p**3 + 5*p**2 + p - 6. Let k(j) = j**3 - 4. Let r be k(0). Let i be m(r). Suppose -i*l + 3 = -75. Calculate the remainder when 23 is divided by l.
10
Let u(q) = 37*q - 1737. Calculate the remainder when 2202 is divided by u(49).
74
Let u = -116 + 152. Calculate the remainder when 114 is divided by u/(-63) + 134/14.
6
Let z(j) = -24*j - 4. Suppose 19*i - 232 - 3910 = 0. Calculate the remainder when i is divided by z(-2).
42
Let n(j) = j**3 + 13*j**2 - 28*j - 38. Let i be n(-14). Suppose 4*t = -5*o + 166 + i, -o = t - 81. What is the remainder when 253 is divided by t?
10
Let t(y) = 607*y + 3479. Calculate the remainder when t(-5) is divided by 179.
86
What is the remainder when 5437 is divided by 215510/2530 - 1/(33/6)?
82
Let w = -41 - -15. Calculate the remainder when -45 - 245/(-5) - -43 is divided by (-3)/(3/w) - 2.
23
Suppose 0 = 7*x - x - 18. Suppose 2*o = 5*y + 67, 4*o + x*y = 3*o + 28. Calculate the remainder when 309 is divided by o.
30
Let v = -836 + 1233. Let s(l) = 107*l + 692. What is the remainder when v is divided by s(-6)?
47
Let j be (-5)/15 - (-11)/(-3). Let d(x) = -50*x - 23. What is the remainder when d(j) is divided by 13?
8
Suppose 0 = -3*z + 2*i + 404, 3*z - 3*i = 5*z - 265. Let y(v) = v**2 + 6*v - 62. Let t be y(-15). Let l = z - t. What is the remainder when l is divided by 22?
17
Let k be ((-3)/(-5))/(5/25). Suppose -k*t - 3*m + 44 = m, 4*m - 4 = 2*t. Let z = -1118 - -1128. What is the remainder when z is divided by t?
2
Suppose 6*k + 9 = 135. Suppose 216 = -18*p + k*p. Suppose -5*t + p = 2*z, 5*z = 2*z + 3. Calculate the remainder when 53 is divided by t.
11
Let c = -16642 - -18044. What is the remainder when c is divided by 462?
16
Suppose 0 = 4*r - 4*k - 14148, 5*r - 164*k - 17693 = -167*k. What is the remainder when r is divided by 59?
57
Suppose -195*d + 191*d = -4*c + 1064, 0 = c - 5*d - 258. What is the remainder when c is divided by 9?
7
Let m(j) = -2*j**3 + 50*j**2 + 3*j - 25. What is the remainder when 5247 is divided by m(25)?
47
Suppose -184 = 21*n - 44*n. Calculate the remainder when 64 is divided by (-2)/(n - (-616)/(-76)).
7
What is the remainder when (-223813)/(-460) - 3/(-12) - 4/(-20) is divided by 108?
55
What is the remainder when 1 + 228 - (2 - (8 - 9)) is divided by 65?
31
Let p(i) = -20*i - 5. Let n(r) = 19*r + 5. Let m(w) = -3*n(w) - 2*p(w). Calculate the remainder when 82 is divided by m(-2).
24
Let h be ((-3)/3)/(-1 - 12/(-15)). Calculate the remainder when h - (11/(-1) - -1) is divided by 5.
0
Let l(a) = -21*a + 157. Let h be l(7). Suppose 3*x - h = 26. What is the remainder when 118 is divided by x?
10
Let s(n) be the second derivative of n**5/20 - 11*n**4/6 - 23*n**3/3 + 12*n**2 + 71*n. Calculate the remainder when 215 is divided by s(24).
71
Suppose 4*a + 109 = 157. Suppose -a = 3*v, z + 2*z - 187 = -5*v. Calculate the remainder when 159 is divided by z.
21
Suppose -731 = -186*w + 13. Let j = 1 + 0. What is the remainder when (j - (0 + 0)) + (77 - w) is divided by 16?
10
Suppose -38 = -4*z - 6. Suppose 3*r = -2*n + 11, -3*n + z*n - 4*r = 85. What is the remainder when 387 is divided by n?
10
What is the remainder when 1174 is divided by 32/40*((-950)/4)/(-5)?
34
Suppose 0 = -26*c - 104 + 208. What is the remainder when 9/(-2 - 33/(-12)) is divided by c?
0
Suppose 492*d - 22925 = 361327. Calculate the remainder when d is divided by 238.
67
Suppose -50*p - 76*p + 6426 = 0. Calculate the remainder when 320 is divided by p.
14
Let x(c) = 24*c + 217. Suppose 150 = -2*y + 12*y. Calculate the remainder when x(-3) is divided by y.
10
What is the remainder when 14892/20 - (-12)/(-90)*-3 is divided by 107?
103
Suppose s + 6 = 4*b - 3, -3*b = -s - 7. Suppose -6 = -4*k + b. Suppose f = -4*c + 113, -k*c - 2*f = 12 - 76. Calculate the remainder when 160 is divided by c.
25
Suppose 107*j = 103*j - g + 19820, g = -5*j + 24776. Calculate the remainder when j is divided by 4.
0
Suppose 0 = -6*n + 420 + 3378. Suppose -a + 152 = -3*r, r = -3*a + n - 187. Calculate the remainder when a is divided by 38.
35
Let z(g) = 2*g**3 - 21*g**2 - 9*g - 10. Calculate the remainder when 115 is divided by z(11).
7
Suppose 3*v + 30 - 237 = 0. Suppose -i + v = 2*i. Suppose -11388 = -3200*z + 3054*z. Calculate the remainder when z is divided by i.
9
Let j(o) be the third derivative of o**5/15 + 5*o**4/12 - o**3/3 - 211*o**2. Calculate the remainder when 290 is divided by j(-3).
2
Let i = -202 + 208. Calculate the remainder when 1/9*3 - (-1078)/i is divided by 23.
19
Let w = 23 - 21. Suppose -4 = -o - 2*o + w*p, -3*o + 5*p = -1. Calculate the remainder when -1 + 2 + 134/o is divided by 14.
12
Let v = 116 + -53. Suppose 4*w = -0*z - 2*z + 66, 0 = -4*w - 5*z + v. What is the remainder when w is divided by 13?
4
Let x(s) = 4*s + 15. Let b be x(-3). Suppose -4*c - 4*f = -140, -f + 99 = b*c - 0*f. What is the remainder when 157 is divided by c?
29
Suppose -95 = 4*y - 307. Let n = 58 - y. Suppose 241 = 3*o - 4*v, 0 = n*o + 3*v - 161 - 202. What is the remainder when o is divided by 7?
5
Let o be (0 + -1)/((-1)/27). Let d = 4833 + -4830. Suppose p = -2*z + 7*z - o, -5*p - d = -3*z. Calculate the remainder when 10 is divided by z.
4
Let y be 6*-9*10/(-135). Suppose -3*i = 3*g - 1671, y*g - 5*i = 6*g - 1108. Calculate the remainder when g is divided by 28.
27
Let k(q) = q**2 + 0 - 3 - 3*q + q. Let m(f) = -14*f**2 - 4119*f + 33048. What is the remainder when m(-302) is divided by k(5)?
10
Let s(i) = -i - 61. Let a be s(-14). Let m = a + 74. Calculate the remainder when 133 is divided by m.
25
Suppose -l - 2*c = -1151 + 1087, l - 79 = -5*c. What is the remainder when 4480 is divided by l?
52
Suppose -3*y + 693 = -5*j + 235, 4*j - 20 = 0. Calculate the remainder when y is divided by (30/4)/(3/6).
11
Suppose -11*v = -8*v + 24. Let d be 1*254/7 - v/(-28). Suppose -2*w + 4*c = -d, 2*w - c = 12 + 21. What is the remainder when 45 is divided by w?
13
What is the remainder when (2 - 156/(-16))*12 is divided by 2*(30 + 0 + -3 - 3)?
45
Suppose -13*d + 40102 + 11602 + 14336 = 0. What is the remainder when d is divided by 62?
58
Let r = 25775 + -23675. Calculate the remainder when r is divided by 1048.
4
Suppose 84 = 8*d - d. Suppose 0 = 7*h + 16 + d. Let l(b) = b**2 - 3*b - 10. Calculate the remainder when 87 is divided by l(h).
15
Let b(t) = -t**3 - 5*t**2 - 8*t + 2. Let q(m) = -20*m**2 + 0 + 48*m**2 - 29*m**2 + 4 - 4*m + m**3. Calculate the remainder when b(-4) is divided by q(3).
8
Let p(g) = -g**3 + 9*g**2 + 23*g - 109. What is the remainder when 1480 is divided by p(10)?
10
Let b = -2922 + 3232. What is the remainder when b is divided by 69?
34
Let j = -122 - -133. Let m be -3 - (1 + -4) - -18. Suppose 5*a + t = 30, -3*a + t = -0*t - m. What is the remainder when j is divided by a?
5
Calculate the remainder when 717 is divided by (-11)/2*(5 + (-252)/44).
1
Calculate the remainder when 1987 is divided by (-3309)/(-5) - (66/(-30) - -3).
4
Let d(j) = -147*j - 277. Let k(l) = -25*l + 8. Calculate the remainder when k(-3) is divided by d(-2).
15
Suppose 2*p = -6*p + 528. S